3, 182953
What are the prime factors of 636638294?
2, 6389, 49823
List the prime factors of 3531013337.
23, 153522319
What are the prime factors of 127364074?
2, 63682037
What are the prime factors of 437312577?
3, 13, 11213143
List the prime factors of 1778071475.
5, 71122859
What are the prime factors of 54646495?
5, 149, 73351
What are the prime factors of 3253179886?
2, 11, 19, 7782727
List the prime factors of 244998781.
17, 14411693
What are the prime factors of 378567171?
3, 42063019
List the prime factors of 641341756.
2, 11, 163, 223, 401
List the prime factors of 516175240.
2, 5, 7, 41, 44963
List the prime factors of 35478161.
41, 865321
List the prime factors of 421487170.
2, 5, 13, 3242209
List the prime factors of 415532485.
5, 2393, 34729
List the prime factors of 425922783.
3, 11, 13, 43, 2099
What are the prime factors of 43431180?
2, 3, 5, 13, 55681
What are the prime factors of 3027914323?
7, 47, 9203387
What are the prime factors of 76781320?
2, 5, 7, 11, 97, 257
What are the prime factors of 377623955?
5, 19, 1291, 3079
List the prime factors of 21879653.
163, 269, 499
List the prime factors of 1338123864.
2, 3, 7, 11, 724093
List the prime factors of 13060115.
5, 197, 13259
What are the prime factors of 53461269?
3, 19, 23, 197
What are the prime factors of 251079420?
2, 3, 5, 4184657
What are the prime factors of 45006194?
2, 22503097
What are the prime factors of 1454330138?
2, 6151, 118219
List the prime factors of 1714051741.
17, 263, 383371
What are the prime factors of 777053438?
2, 7, 4057, 13681
What are the prime factors of 46901981?
7, 1889, 3547
What are the prime factors of 67038920?
2, 5, 13, 47, 211
What are the prime factors of 279549816?
2, 3, 7, 13, 31, 4129
What are the prime factors of 206654739?
3, 113, 609601
What are the prime factors of 526410738?
2, 3, 7, 73, 6359
List the prime factors of 710707109.
7, 101529587
List the prime factors of 13308454.
2, 137, 48571
List the prime factors of 20582090.
2, 5, 227, 9067
List the prime factors of 1138545946.
2, 79, 373, 19319
List the prime factors of 1345557126.
2, 3, 127, 1765823
What are the prime factors of 975511844?
2, 31, 1117, 7043
List the prime factors of 17131068.
2, 3, 158621
What are the prime factors of 36460376?
2, 17, 268091
List the prime factors of 75152662.
2, 13, 2890487
What are the prime factors of 415150888?
2, 51893861
What are the prime factors of 5600071787?
31, 67, 103, 26177
What are the prime factors of 9914699?
31, 319829
What are the prime factors of 95864563?
353, 271571
What are the prime factors of 848468156?
2, 212117039
List the prime factors of 2452854974.
2, 29, 31, 1364213
List the prime factors of 14931303.
3, 167, 29803
What are the prime factors of 16421981?
241, 68141
List the prime factors of 930364486.
2, 29, 109, 147163
List the prime factors of 1039262242.
2, 519631121
What are the prime factors of 49279653?
3, 5475517
What are the prime factors of 41439433?
7, 67, 149, 593
List the prime factors of 131356771.
7, 13, 37, 3001
What are the prime factors of 47715469?
29, 587, 2803
What are the prime factors of 2208350140?
2, 5, 43, 2567849
List the prime factors of 22253592.
2, 3, 927233
List the prime factors of 186034970.
2, 5, 11, 1691227
List the prime factors of 90144834.
2, 3, 13, 1155703
List the prime factors of 10494151.
17, 31, 19913
List the prime factors of 113180258.
2, 56590129
What are the prime factors of 251644230?
2, 3, 5, 79, 35393
What are the prime factors of 625828140?
2, 3, 5, 7, 17, 9739
List the prime factors of 427425466.
2, 13, 2521, 6521
List the prime factors of 966656972.
2, 23, 67, 156823
List the prime factors of 950317252.
2, 47, 509, 9931
List the prime factors of 273589961.
47, 5821063
List the prime factors of 216265291.
11, 541, 36341
What are the prime factors of 884902348?
2, 11, 2927, 6871
What are the prime factors of 2538273788?
2, 634568447
What are the prime factors of 2874500379?
3, 35487659
What are the prime factors of 1697609922?
2, 3, 9781, 28927
What are the prime factors of 3991182603?
3, 61, 21809741
What are the prime factors of 99551168?
2, 31, 50177
What are the prime factors of 7665608?
2, 617, 1553
List the prime factors of 4024809260.
2, 5, 67, 523, 5743
List the prime factors of 2684600524.
2, 619, 983, 1103
What are the prime factors of 33441107?
7, 67, 113, 631
List the prime factors of 222926449.
19, 11732971
What are the prime factors of 40520544?
2, 3, 422089
List the prime factors of 1724570854.
2, 862285427
What are the prime factors of 309259312?
2, 19328707
List the prime factors of 21853416.
2, 3, 13, 89, 787
List the prime factors of 419748736.
2, 11, 241, 1237
What are the prime factors of 208900689?
3, 69633563
What are the prime factors of 1023349617?
3, 127, 895319
List the prime factors of 279724162.
2, 61, 1061, 2161
List the prime factors of 417069179.
41, 10172419
What are the prime factors of 66015300?
2, 3, 5, 13, 16927
What are the prime factors of 263120471?
59, 4459669
What are the prime factors of 136607096?
2, 17075887
List the prime factors of 134003346.
2, 3, 1181, 18911
List the prime factors of 5363023.
1453, 3691
What are the prime factors of 1806721840?
2, 5, 7, 11, 37, 7927
List the prime factors of 74529012.
2, 3, 6210751
List the prime factors of 443119253.
2207, 200779
List the prime factors of 530478981.
3, 58942109
What are the prime factors of 2634751686?
2, 3, 7, 62732183
What are the prime factors of 66249013?
229, 289297
What are the prime factors of 342187714?
2, 11, 15553987
What are the prime factors of 290530438?
2, 11, 37, 71, 457
What are the prime factors of 1580176201?
8429, 187469
List the prime factors of 52773296.
2, 61, 139, 389
What are the prime factors of 44902989?
3, 4989221
List the prime factors of 87307230.
2, 3, 5, 2910241
What are the prime factors of 29379197?
439, 66923
List the prime factors of 72878599.
109, 668611
List the prime factors of 74911151.
7, 1528799
What are the prime factors of 7617972381?
3, 2657, 955711
What are the prime factors of 160438798?
2, 13, 474671
List the prime factors of 63132114.
2, 3, 1931, 5449
What are the prime factors of 73734024?
2, 3, 7, 13, 53
What are the prime factors of 33855710?
2, 5, 7, 151, 3203
List the prime factors of 522394038.
2, 3, 41, 397, 1783
List the prime factors of 428951182.
2, 11, 19, 1026199
List the prime factors of 9971685.
3, 5, 37, 53, 113
What are the prime factors of 105968913?
3, 131, 269641
List the prime factors of 417911109.
3, 7, 11, 43, 42073
What are the prime factors of 898993962?
2, 3, 23, 41, 52963
List the prime factors of 370575.
3, 5, 61
List the prime factors of 69781706.
2, 67, 520759
List the prime factors of 3094525401.
3, 11, 43, 811, 2689
List the prime factors of 104360654.
2, 17, 19, 73, 2213
What are the prime factors of 93484710?
2, 3, 5, 11, 89, 1061
What are the prime factors of 1087746243?
3, 59, 971, 6329
List the prime factors of 700244.
2, 175061
List the prime factors of 1842365552.
2, 19, 491, 12343
What are the prime factors of 528064154?
2, 264032077
What are the prime factors of 1614627984?
2, 3, 43, 59, 13259
List the prime factors of 340398215.
5, 7919, 8597
What are the prime factors of 42565977?
3, 17, 278209
What are the prime factors of 658994249?
31, 137, 155167
List the prime factors of 82719155.
5, 23, 719297
What are the prime factors of 42054900?
2, 3, 5, 103, 1361
List the prime factors of 286139673.
3, 43, 739379
List the prime factors of 298674748.
2, 74668687
List the prime factors of 198365434.
2, 19, 59, 103, 859
List the prime factors of 206209426.
2, 173, 595981
What are the prime factors of 27005786?
2, 29, 281, 1657
List the prime factors of 1831416493.
1831416493
What are the prime factors of 2932459112?
2, 11, 2819, 11821
List the prime factors of 1378850082.
2, 3, 103, 2231149
List the prime factors of 5724024.
2, 3, 79, 3019
What are the prime factors of 201066349?
11, 1741, 10499
List the prime factors of 244126774.
2, 122063387
What are the prime factors of 42381070?
2, 5, 4238107
What are the prime factors of 74903478?
2, 3, 13, 421, 2281
List the prime factors of 134118683.
47, 113, 25253
What are the prime factors of 905237104?
2, 56577319
What are the prime 